{"id":1001,"date":"2023-09-11T08:46:24","date_gmt":"2023-09-11T08:46:24","guid":{"rendered":"https:\/\/tbinsaat.com\/?page_id=1001"},"modified":"2023-09-11T08:51:56","modified_gmt":"2023-09-11T08:51:56","slug":"1001-2","status":"publish","type":"page","link":"https:\/\/tbinsaat.com\/?page_id=1001","title":{"rendered":"Projeler"},"content":{"rendered":"<div id=\"pl-1001\"  class=\"panel-layout\" ><div id=\"pg-1001-0\"  class=\"panel-grid panel-no-style\" ><div id=\"pgc-1001-0-0\"  class=\"panel-grid-cell\" ><div id=\"panel-1001-0-0-0\" class=\"so-panel widget widget_themegrill_flash_heading tg-widget section-title-wrapper panel-first-child\" data-index=\"0\" >\t<h3 class=\"section-title\">Tamamlanan Projeler<\/h3>\n<\/div><div id=\"panel-1001-0-0-1\" class=\"so-panel widget widget_themegrill_flash_portfolio tg-section feature-product-section panel-last-child\" data-index=\"1\" ><div class=\"tg-feature-product-layout-3 tg-feature-product-filter-layout\"><div class=\"tg-container\"><div class=\"grid\"><div class=\"tg-column-wrapper\"><div class=\"tg-feature-product-widget element-item uxdesign tg-column-3 tamamlanan-projeler \" data-category=\"tamamlanan-projeler \"><figure><img width=\"1440\" height=\"960\" src=\"https:\/\/tbinsaat.com\/wp-content\/uploads\/2023\/09\/avm.jpg\" class=\"attachment-full size-full wp-post-image\" alt=\"\" decoding=\"async\" loading=\"lazy\" srcset=\"https:\/\/tbinsaat.com\/wp-content\/uploads\/2023\/09\/avm.jpg 1440w, https:\/\/tbinsaat.com\/wp-content\/uploads\/2023\/09\/avm-300x200.jpg 300w, https:\/\/tbinsaat.com\/wp-content\/uploads\/2023\/09\/avm-1024x683.jpg 1024w, https:\/\/tbinsaat.com\/wp-content\/uploads\/2023\/09\/avm-768x512.jpg 768w, https:\/\/tbinsaat.com\/wp-content\/uploads\/2023\/09\/avm-600x400.jpg 600w\" sizes=\"(max-width: 1440px) 100vw, 1440px\" \/><\/figure><div class=\"featured-image-desc\"><span><a href=\"https:\/\/tbinsaat.com\/?portfolio=01-burda-avm\"><i class=\"fa fa-plus\"><\/i><\/a><\/span><div class=\"feature-inner-block\"><h3 class=\"feature-title-wrap\"><a href=\"https:\/\/tbinsaat.com\/?portfolio=01-burda-avm\">01 Burda AVM<\/a><\/h3><h4 class=\"feature-desc-wrap\">\u0130\u015fveren : Esas Holding<\/h4><\/div><\/div><\/div><div class=\"tg-feature-product-widget element-item uxdesign tg-column-3 tamamlanan-projeler \" data-category=\"tamamlanan-projeler \"><figure><img width=\"1328\" height=\"747\" src=\"https:\/\/tbinsaat.com\/wp-content\/uploads\/2023\/02\/8cb7996c-9b0b-4f91-a1d6-734e38c3745f.jpeg\" class=\"attachment-full size-full wp-post-image\" alt=\"\" decoding=\"async\" loading=\"lazy\" srcset=\"https:\/\/tbinsaat.com\/wp-content\/uploads\/2023\/02\/8cb7996c-9b0b-4f91-a1d6-734e38c3745f.jpeg 1328w, https:\/\/tbinsaat.com\/wp-content\/uploads\/2023\/02\/8cb7996c-9b0b-4f91-a1d6-734e38c3745f-300x169.jpeg 300w, https:\/\/tbinsaat.com\/wp-content\/uploads\/2023\/02\/8cb7996c-9b0b-4f91-a1d6-734e38c3745f-1024x576.jpeg 1024w, https:\/\/tbinsaat.com\/wp-content\/uploads\/2023\/02\/8cb7996c-9b0b-4f91-a1d6-734e38c3745f-768x432.jpeg 768w, https:\/\/tbinsaat.com\/wp-content\/uploads\/2023\/02\/8cb7996c-9b0b-4f91-a1d6-734e38c3745f-600x338.jpeg 600w\" sizes=\"(max-width: 1328px) 100vw, 1328px\" \/><\/figure><div class=\"featured-image-desc\"><span><a href=\"https:\/\/tbinsaat.com\/?portfolio=adana-teknokent-ges-otopark-projesi\"><i class=\"fa fa-plus\"><\/i><\/a><\/span><div class=\"feature-inner-block\"><h3 class=\"feature-title-wrap\"><a href=\"https:\/\/tbinsaat.com\/?portfolio=adana-teknokent-ges-otopark-projesi\">Adana Teknokent GES &#038; Otopark Projesi<\/a><\/h3><h4 class=\"feature-desc-wrap\">\u0130\u015fveren : \u00c7ukurova \u00dcniversitesi M2 : 5000 m2 Tip : Anahtar Teslim<\/h4><\/div><\/div><\/div><div class=\"tg-feature-product-widget element-item uxdesign tg-column-3 portfolio \" data-category=\"portfolio \"><figure><img width=\"866\" height=\"520\" src=\"https:\/\/tbinsaat.com\/wp-content\/uploads\/2017\/01\/Img8ica.jpg\" class=\"attachment-full size-full wp-post-image\" alt=\"\" decoding=\"async\" loading=\"lazy\" srcset=\"https:\/\/tbinsaat.com\/wp-content\/uploads\/2017\/01\/Img8ica.jpg 866w, https:\/\/tbinsaat.com\/wp-content\/uploads\/2017\/01\/Img8ica-300x180.jpg 300w, https:\/\/tbinsaat.com\/wp-content\/uploads\/2017\/01\/Img8ica-768x461.jpg 768w, https:\/\/tbinsaat.com\/wp-content\/uploads\/2017\/01\/Img8ica-600x360.jpg 600w\" sizes=\"(max-width: 866px) 100vw, 866px\" \/><\/figure><div class=\"featured-image-desc\"><span><a href=\"https:\/\/tbinsaat.com\/?portfolio=classic-collection\"><i class=\"fa fa-plus\"><\/i><\/a><\/span><div class=\"feature-inner-block\"><h3 class=\"feature-title-wrap\"><a href=\"https:\/\/tbinsaat.com\/?portfolio=classic-collection\">Sheraton Oteli<\/a><\/h3><h4 class=\"feature-desc-wrap\">\u0130\u015fveren : Silkway Air\/Sema \u0130n\u015faat M2 : 22.000m\u00b2 Proje Tipi : Anahtar Teslim \u0130\u015fin Durumu : Tamamlanan Proje<\/h4><\/div><\/div><\/div><div class=\"tg-feature-product-widget element-item uxdesign tg-column-3 portfolio \" data-category=\"portfolio \"><figure><img width=\"736\" height=\"520\" src=\"https:\/\/tbinsaat.com\/wp-content\/uploads\/2017\/01\/Img71ica.jpeg\" class=\"attachment-full size-full wp-post-image\" alt=\"\" decoding=\"async\" loading=\"lazy\" srcset=\"https:\/\/tbinsaat.com\/wp-content\/uploads\/2017\/01\/Img71ica.jpeg 736w, https:\/\/tbinsaat.com\/wp-content\/uploads\/2017\/01\/Img71ica-300x212.jpeg 300w, https:\/\/tbinsaat.com\/wp-content\/uploads\/2017\/01\/Img71ica-600x424.jpeg 600w\" sizes=\"(max-width: 736px) 100vw, 736px\" \/><\/figure><div class=\"featured-image-desc\"><span><a href=\"https:\/\/tbinsaat.com\/?portfolio=vintage-collection\"><i class=\"fa fa-plus\"><\/i><\/a><\/span><div class=\"feature-inner-block\"><h3 class=\"feature-title-wrap\"><a href=\"https:\/\/tbinsaat.com\/?portfolio=vintage-collection\">Erenk\u00f6y R\u0131za Bey Apt.<\/a><\/h3><h4 class=\"feature-desc-wrap\">Yer : \u0130stanbul \u0130\u015fveren : \u00d6zel M2 : 4.000m\u00b2 Proje Tipi : Anahtar Teslim \u0130\u015fin Durumu : Tamamlanan Proje<\/h4><\/div><\/div><\/div><div class=\"tg-feature-product-widget element-item uxdesign tg-column-3 portfolio \" data-category=\"portfolio \"><figure><img width=\"736\" height=\"520\" src=\"https:\/\/tbinsaat.com\/wp-content\/uploads\/2017\/01\/Img72ica.jpg\" class=\"attachment-full size-full wp-post-image\" alt=\"\" decoding=\"async\" loading=\"lazy\" srcset=\"https:\/\/tbinsaat.com\/wp-content\/uploads\/2017\/01\/Img72ica.jpg 736w, https:\/\/tbinsaat.com\/wp-content\/uploads\/2017\/01\/Img72ica-300x212.jpg 300w, https:\/\/tbinsaat.com\/wp-content\/uploads\/2017\/01\/Img72ica-600x424.jpg 600w\" sizes=\"(max-width: 736px) 100vw, 736px\" \/><\/figure><div class=\"featured-image-desc\"><span><a href=\"https:\/\/tbinsaat.com\/?portfolio=classic-watch\"><i class=\"fa fa-plus\"><\/i><\/a><\/span><div class=\"feature-inner-block\"><h3 class=\"feature-title-wrap\"><a href=\"https:\/\/tbinsaat.com\/?portfolio=classic-watch\">\u015ea\u015fk\u0131nbakkal Alt\u0131nay Apt.<\/a><\/h3><h4 class=\"feature-desc-wrap\">Yer : \u0130stanbul \u0130\u015fveren : \u00d6zel M2 : 3.200m\u00b2 Proje Tipi : Anahtar Teslim \u0130\u015fin Durumu : Tamamlanan Proje<\/h4><\/div><\/div><\/div><div class=\"tg-feature-product-widget element-item uxdesign tg-column-3 portfolio \" data-category=\"portfolio \"><figure><img width=\"740\" height=\"520\" src=\"https:\/\/tbinsaat.com\/wp-content\/uploads\/2017\/01\/Img4ica.jpg\" class=\"attachment-full size-full wp-post-image\" alt=\"\" decoding=\"async\" loading=\"lazy\" srcset=\"https:\/\/tbinsaat.com\/wp-content\/uploads\/2017\/01\/Img4ica.jpg 740w, https:\/\/tbinsaat.com\/wp-content\/uploads\/2017\/01\/Img4ica-300x211.jpg 300w, https:\/\/tbinsaat.com\/wp-content\/uploads\/2017\/01\/Img4ica-600x422.jpg 600w\" sizes=\"(max-width: 740px) 100vw, 740px\" \/><\/figure><div class=\"featured-image-desc\"><span><a href=\"https:\/\/tbinsaat.com\/?portfolio=mac-product\"><i class=\"fa fa-plus\"><\/i><\/a><\/span><div class=\"feature-inner-block\"><h3 class=\"feature-title-wrap\"><a href=\"https:\/\/tbinsaat.com\/?portfolio=mac-product\">Gence Havaliman\u0131<\/a><\/h3><h4 class=\"feature-desc-wrap\">\u0130\u015fveren : Azal\/Sema \u0130n\u015faat M2 : 26.100m\u00b2 Proje Tipi : Anahtar Teslim \u0130\u015fin Durumu : Tamamlanan Proje<\/h4><\/div><\/div><\/div><div class=\"tg-feature-product-widget element-item uxdesign tg-column-3 tamamlanan-projeler \" data-category=\"tamamlanan-projeler \"><figure><img width=\"347\" height=\"520\" src=\"https:\/\/tbinsaat.com\/wp-content\/uploads\/2017\/01\/Img74ica.jpg\" class=\"attachment-full size-full wp-post-image\" alt=\"\" decoding=\"async\" loading=\"lazy\" srcset=\"https:\/\/tbinsaat.com\/wp-content\/uploads\/2017\/01\/Img74ica.jpg 347w, https:\/\/tbinsaat.com\/wp-content\/uploads\/2017\/01\/Img74ica-200x300.jpg 200w\" sizes=\"(max-width: 347px) 100vw, 347px\" \/><\/figure><div class=\"featured-image-desc\"><span><a href=\"https:\/\/tbinsaat.com\/?portfolio=old-gadget\"><i class=\"fa fa-plus\"><\/i><\/a><\/span><div class=\"feature-inner-block\"><h3 class=\"feature-title-wrap\"><a href=\"https:\/\/tbinsaat.com\/?portfolio=old-gadget\">\u00c7iftehavuzlar Site Apt.<\/a><\/h3><h4 class=\"feature-desc-wrap\">Yer : \u0130stanbul \u0130\u015fveren : \u00d6zel M2 : 6.075 m\u00b2m\u00b2 Proje Tipi : Anahtar Teslim \u0130\u015fin Durumu : Tamamlanan Proje<\/h4><\/div><\/div><\/div><div class=\"tg-feature-product-widget element-item uxdesign tg-column-3 portfolio \" data-category=\"portfolio \"><figure><img width=\"809\" height=\"520\" src=\"https:\/\/tbinsaat.com\/wp-content\/uploads\/2017\/01\/Img11ica.jpg\" class=\"attachment-full size-full wp-post-image\" alt=\"\" decoding=\"async\" loading=\"lazy\" srcset=\"https:\/\/tbinsaat.com\/wp-content\/uploads\/2017\/01\/Img11ica.jpg 809w, https:\/\/tbinsaat.com\/wp-content\/uploads\/2017\/01\/Img11ica-300x193.jpg 300w, https:\/\/tbinsaat.com\/wp-content\/uploads\/2017\/01\/Img11ica-768x494.jpg 768w, https:\/\/tbinsaat.com\/wp-content\/uploads\/2017\/01\/Img11ica-600x386.jpg 600w\" sizes=\"(max-width: 809px) 100vw, 809px\" \/><\/figure><div class=\"featured-image-desc\"><span><a href=\"https:\/\/tbinsaat.com\/?portfolio=iphone-showcase\"><i class=\"fa fa-plus\"><\/i><\/a><\/span><div class=\"feature-inner-block\"><h3 class=\"feature-title-wrap\"><a href=\"https:\/\/tbinsaat.com\/?portfolio=iphone-showcase\">Sea Breeze Otel<\/a><\/h3><h4 class=\"feature-desc-wrap\">Yer : Bak\u00fc &#8211; Azerbaycan \u0130\u015fveren : \u00d6zel M2 : 1.000m\u00b2 Proje Tipi : \u0130nce \u0130\u015fler \u0130\u015fin Durumu : Tamamlanan [&hellip;]<\/h4><\/div><\/div><\/div><div class=\"tg-feature-product-widget element-item uxdesign tg-column-3 portfolio \" data-category=\"portfolio \"><figure><img width=\"783\" height=\"520\" src=\"https:\/\/tbinsaat.com\/wp-content\/uploads\/2017\/01\/Img18ica-1.jpg\" class=\"attachment-full size-full wp-post-image\" alt=\"\" decoding=\"async\" loading=\"lazy\" srcset=\"https:\/\/tbinsaat.com\/wp-content\/uploads\/2017\/01\/Img18ica-1.jpg 783w, https:\/\/tbinsaat.com\/wp-content\/uploads\/2017\/01\/Img18ica-1-300x199.jpg 300w, https:\/\/tbinsaat.com\/wp-content\/uploads\/2017\/01\/Img18ica-1-768x510.jpg 768w, https:\/\/tbinsaat.com\/wp-content\/uploads\/2017\/01\/Img18ica-1-600x398.jpg 600w\" sizes=\"(max-width: 783px) 100vw, 783px\" \/><\/figure><div class=\"featured-image-desc\"><span><a href=\"https:\/\/tbinsaat.com\/?portfolio=vintage-watch\"><i class=\"fa fa-plus\"><\/i><\/a><\/span><div class=\"feature-inner-block\"><h3 class=\"feature-title-wrap\"><a href=\"https:\/\/tbinsaat.com\/?portfolio=vintage-watch\">Bak\u00fc Residence<\/a><\/h3><h4 class=\"feature-desc-wrap\">Yer : Bilgeh-Bak\u00fc-Azerbaycan \u0130\u015fveren : \u00d6zel M2 : 65.000m\u00b2 Proje Tipi : Anahtar Teslim \u0130\u015fin Durumu : Tamamlanan Proje<\/h4><\/div><\/div><\/div><div class=\"tg-feature-product-widget element-item uxdesign tg-column-3 portfolio \" data-category=\"portfolio \"><figure><img width=\"1024\" height=\"512\" src=\"https:\/\/tbinsaat.com\/wp-content\/uploads\/2017\/01\/Img17ica.jpg\" class=\"attachment-full size-full wp-post-image\" alt=\"\" decoding=\"async\" loading=\"lazy\" srcset=\"https:\/\/tbinsaat.com\/wp-content\/uploads\/2017\/01\/Img17ica.jpg 1024w, https:\/\/tbinsaat.com\/wp-content\/uploads\/2017\/01\/Img17ica-300x150.jpg 300w, https:\/\/tbinsaat.com\/wp-content\/uploads\/2017\/01\/Img17ica-768x384.jpg 768w, https:\/\/tbinsaat.com\/wp-content\/uploads\/2017\/01\/Img17ica-800x400.jpg 800w, https:\/\/tbinsaat.com\/wp-content\/uploads\/2017\/01\/Img17ica-600x300.jpg 600w\" sizes=\"(max-width: 1024px) 100vw, 1024px\" \/><\/figure><div class=\"featured-image-desc\"><span><a href=\"https:\/\/tbinsaat.com\/?portfolio=story-book\"><i class=\"fa fa-plus\"><\/i><\/a><\/span><div class=\"feature-inner-block\"><h3 class=\"feature-title-wrap\"><a href=\"https:\/\/tbinsaat.com\/?portfolio=story-book\">Rezidans<\/a><\/h3><h4 class=\"feature-desc-wrap\">Yer : Nardaran-Bak\u00fc-Azerbaycan \u0130\u015fveren : \u00d6zel M2 : 15.000m\u00b2 Proje Tipi : \u0130nce \u0130\u015fler \u0130\u015fin Durumu : Tamamlanan Proje<\/h4><\/div><\/div><\/div><\/div><!-- \/.tg-column-wrapper--><\/div><!-- \/.grid --><\/div><!-- \/.tg-container --><\/div><!-- \/.layout div --><\/div><\/div><\/div><\/div>","protected":false},"excerpt":{"rendered":"","protected":false},"author":1,"featured_media":0,"parent":0,"menu_order":0,"comment_status":"closed","ping_status":"closed","template":"","meta":[],"aioseo_notices":[],"_links":{"self":[{"href":"https:\/\/tbinsaat.com\/index.php?rest_route=\/wp\/v2\/pages\/1001"}],"collection":[{"href":"https:\/\/tbinsaat.com\/index.php?rest_route=\/wp\/v2\/pages"}],"about":[{"href":"https:\/\/tbinsaat.com\/index.php?rest_route=\/wp\/v2\/types\/page"}],"author":[{"embeddable":true,"href":"https:\/\/tbinsaat.com\/index.php?rest_route=\/wp\/v2\/users\/1"}],"replies":[{"embeddable":true,"href":"https:\/\/tbinsaat.com\/index.php?rest_route=%2Fwp%2Fv2%2Fcomments&post=1001"}],"version-history":[{"count":13,"href":"https:\/\/tbinsaat.com\/index.php?rest_route=\/wp\/v2\/pages\/1001\/revisions"}],"predecessor-version":[{"id":1014,"href":"https:\/\/tbinsaat.com\/index.php?rest_route=\/wp\/v2\/pages\/1001\/revisions\/1014"}],"wp:attachment":[{"href":"https:\/\/tbinsaat.com\/index.php?rest_route=%2Fwp%2Fv2%2Fmedia&parent=1001"}],"curies":[{"name":"wp","href":"https:\/\/api.w.org\/{rel}","templated":true}]}}